when 12189 is divided by 31?
6
Calculate the remainder when 77465 is divided by 13.
11
Calculate the remainder when 32683 is divided by 197.
178
What is the remainder when 1245 is divided by 153?
21
Calculate the remainder when 178238 is divided by 9900.
38
What is the remainder when 119540 is divided by 1128?
1100
What is the remainder when 474808 is divided by 38?
36
What is the remainder when 75580 is divided by 66?
10
What is the remainder when 16063 is divided by 173?
147
Calculate the remainder when 44792 is divided by 84.
20
Calculate the remainder when 17905 is divided by 1775.
155
What is the remainder when 142157 is divided by 47355?
92
Calculate the remainder when 583602 is divided by 1485.
1482
Calculate the remainder when 11017 is divided by 576.
73
What is the remainder when 9812 is divided by 38?
8
Calculate the remainder when 93319 is divided by 11662.
23
What is the remainder when 196024 is divided by 214?
0
Calculate the remainder when 893831 is divided by 5.
1
What is the remainder when 2830 is divided by 417?
328
Calculate the remainder when 15762 is divided by 24.
18
What is the remainder when 8094 is divided by 225?
219
What is the remainder when 6657 is divided by 249?
183
What is the remainder when 47869 is divided by 265?
169
What is the remainder when 127557 is divided by 87?
15
Calculate the remainder when 8508 is divided by 32.
28
What is the remainder when 4625 is divided by 943?
853
What is the remainder when 24398 is divided by 67?
10
What is the remainder when 146003 is divided by 310?
303
Calculate the remainder when 52296 is divided by 1216.
8
What is the remainder when 5312 is divided by 12?
8
Calculate the remainder when 7184 is divided by 360.
344
Calculate the remainder when 2770 is divided by 687.
22
Calculate the remainder when 108032 is divided by 527.
524
Calculate the remainder when 8416 is divided by 133.
37
What is the remainder when 28867 is divided by 3204?
31
Calculate the remainder when 180015 is divided by 16.
15
What is the remainder when 4629 is divided by 282?
117
Calculate the remainder when 2647 is divided by 182.
99
What is the remainder when 2154 is divided by 353?
36
What is the remainder when 60564 is divided by 331?
322
What is the remainder when 157651 is divided by 100?
51
Calculate the remainder when 35913 is divided by 4.
1
Calculate the remainder when 7792 is divided by 3895.
2
What is the remainder when 55161 is divided by 320?
121
Calculate the remainder when 1909894 is divided by 53.
39
What is the remainder when 27510 is divided by 27470?
40
What is the remainder when 232897 is divided by 340?
337
What is the remainder when 30852 is divided by 61?
47
What is the remainder when 221649 is divided by 1802?
3
Calculate the remainder when 3488199 is divided by 3.
0
What is the remainder when 11649 is divided by 236?
85
Calculate the remainder when 13311 is divided by 360.
351
What is the remainder when 21510 is divided by 1816?
1534
Calculate the remainder when 960 is divided by 6.
0
What is the remainder when 27138 is divided by 714?
6
What is the remainder when 3480 is divided by 385?
15
Calculate the remainder when 186994 is divided by 504.
10
What is the remainder when 1941 is divided by 110?
71
What is the remainder when 29480 is divided by 189?
185
Calculate the remainder when 33469 is divided by 203.
177
What is the remainder when 77290 is divided by 36?
34
What is the remainder when 15687 is divided by 7836?
15
Calculate the remainder when 1359330 is divided by 657.
654
Calculate the remainder when 8779 is divided by 360.
139
What is the remainder when 1673 is divided by 18?
17
What is the remainder when 62732 is divided by 20900?
32
What is the remainder when 17234 is divided by 670?
484
What is the remainder when 120739 is divided by 28?
3
What is the remainder when 453 is divided by 406?
47
Calculate the remainder when 114847 is divided by 965.
12
Calculate the remainder when 58137 is divided by 4471.
14
What is the remainder when 4812 is divided by 322?
304
What is the remainder when 60498 is divided by 1315?
8
Calculate the remainder when 1623 is divided by 204.
195
What is the remainder when 868 is divided by 391?
86
What is the remainder when 1084285 is divided by 64?
61
Calculate the remainder when 11189 is divided by 356.
153
What is the remainder when 52869 is divided by 178?
3
Calculate the remainder when 2859 is divided by 108.
51
What is the remainder when 6341 is divided by 2034?
239
What is the remainder when 7738 is divided by 9?
7
Calculate the remainder when 6350 is divided by 794.
792
What is the remainder when 2930 is divided by 546?
200
Calculate the remainder when 281455 is divided by 56.
55
Calculate the remainder when 10537 is divided by 392.
345
What is the remainder when 27536 is divided by 24?
8
What is the remainder when 407327 is divided by 58?
51
Calculate the remainder when 84276 is divided by 40.
36
Calculate the remainder when 5856 is divided by 524.
92
Calculate the remainder when 155956 is divided by 417.
415
Calculate the remainder when 85949 is divided by 78.
71
What is the remainder when 57063 is divided by 95?
63
What is the remainder when 36666 is divided by 815?
806
Calculate the remainder when 31854 is divided by 999.
885
Calculate the remainder when 7533 is divided by 33.
9
What is the remainder when 38098 is divided by 60?
58
Calculate the remainder when 5394 is divided by 132.
114
Calculate the remainder when 7355 is divided by 92.
87
Calculate the remainder when 1347 is divided by 171.
150
What is the remainder when 9605 is divided by 23?
14
What is the remainder when 20076 is divided by 181?
166
What is the remainder when 7064 is divided by 7039?
25
What is the remainder when 14114 is divided by 1439?
1163
What is the remainder when 260156 is divided by 6345?
11
What is the remainder when 392 is divided by 39?
2
What is the remainder when 2151728 is divided by 9?
8
Calculate the remainder when 14734 is divided by 67.
61
Calculate the remainder when 60473 is divided by 3773.
105
What is the remainder when 1134031 is divided by 17719?
15
Calculate the remainder when 405349 is divided by 550.
549
Calculate the remainder when 247754 is divided by 6042.
32
Calculate the remainder when 16345 is divided by 298.
253
Calculate the remainder when 350271 is divided by 268.
263
Calculate the remainder when 1159 is divided by 263.
107
What is the remainder when 23537 is divided by 177?
173
Calculate the remainder when 50763 is divided by 106.
95
What is the remainder when 808 is divided by 121?
82
Calculate the remainder when 6890 is divided by 41.
2
Calculate the remainder when 1975 is divided by 134.
99
What is the remainder when 90324 is divided by 95?
74
What is the remainder when 603 is divided by 30?
3
What is the remainder when 2914 is divided by 510?
364
What is the remainder when 624 is divided by 122?
14
What is the remainder when 5818 is divided by 194?
192
What is the remainder when 23201 is divided by 341?
13
What is the remainder when 40328 is divided by 20029?
270
Calculate the remainder when 2083 is divided by 1689.
394
What is the remainder when 73014 is divided by 1701?
1572
What is the remainder when 22700 is divided by 524?
168
What is the remainder when 45849 is divided by 6549?
6
Calculate the remainder when 735 is divided by 539.
196
Calculate the remainder when 82957 is divided by 305.
302
Calculate the remainder when 4470 is divided by 50.
20
Calculate the remainder when 122407 is divided by 104.
103
What is the remainder when 1696 is divided by 176?
112
Calculate the remainder when 87979 is divided by 2666.
1
What is the remainder when 17417 is divided by 111?
101
What is the remainder when 2868 is divided by 29?
26
Calculate the remainder when 5450 is divided by 55.
5
Calculate the remainder when 327861 is divided by 42.
9
What is the remainder when 44101 is divided by 298?
295
What is the remainder when 462 is divided by 109?
26
What is the remainder when 1934 is divided by 60?
14
Calculate the remainder when 317365 is divided by 318.
1
Calculate the remainder when 1628 is divided by 519.
71
Calculate the remainder when 8151 is divided by 274.
205
Calculate the remainder when 16913 is divided by 85.
83
Calc